e (-1)/3 + 124/12. Let o be (-2)/(-5) + 46/h. Suppose -7*v + 24 = -o*v. What is the tens digit of v?
1
Suppose -g + 4 = g, 5*g = -3*q + 16. Suppose q*j - 4 = 4. What is the units digit of j?
4
Let w be (-2)/6 + (-2)/3. Let f(a) = -128*a**3 - 3*a**2 - 2*a - 1. What is the tens digit of f(w)?
2
Suppose 3*b + 3*l = -12, -3*l + 6 = -2*b - b. What is the units digit of b/(-9) + 501/9?
6
Suppose 0 = -2*h - 4*r + 3*r + 5, 2*h + 3*r - 7 = 0. Suppose n = -2*u + 53, -h*u - 38 = -n + u. Let i = n - 22. What is the tens digit of i?
2
Let b = 764 - -23. What is the units digit of b?
7
Let g(z) be the second derivative of -z**4/12 + 7*z**3/2 + 15*z**2 + 33*z. What is the hundreds digit of g(11)?
1
Let t be (-9 - -5)/(4/(-14)). Suppose t = 2*p + 4. What is the units digit of (3 - p)*(3 - 4)?
2
Suppose 2*n - 1 = -5. Let g(j) = -j**3 - 3*j**2 + 2. Let u be g(n). What is the units digit of -58*(-3)/(1 - u)?
8
Suppose 9 = -a + 3*k, 4*a - 7 = -a + 2*k. Suppose a*v - 2*v - 126 = -4*m, -5*v = -3*m - 538. What is the units digit of v?
0
Let w = 730 - 333. Let m = w + -244. What is the units digit of m?
3
Let s = 57 + -29. Let b(w) = -w**3 - 5*w**2 - 9*w - 19. Let c be b(-3). Let o = c + s. What is the units digit of o?
8
Suppose -5*g + q = -15837, -2*g = 2*q - 10368 + 4026. What is the hundreds digit of g?
1
Let r = 29 + -26. Suppose -3*l + 7*l = 4*w + 24, 26 = r*l - w. What is the tens digit of (l/(-3))/(4/(-60))?
5
Let m be 1/2*(-1)/((-6)/(-12)). What is the hundreds digit of m/(2 - 1554/774)?
1
What is the hundreds digit of -5 - ((-45)/(-90))/(2/(-8692))?
1
Suppose 0*l - 20 = -4*l, -2*u = -4*l + 12. Let i(d) = 3*d**3 + 2*d**2 - d - 1. What is the tens digit of i(u)?
1
What is the units digit of -10 + 3 - 11*-6?
9
Let u = 32 + -38. What is the tens digit of 48/(-9)*u/2?
1
Let h(r) = 4*r**3 - r**2 - r. Let s be h(1). Suppose 0 = -3*p - 12, -s*y = y - 4*p - 286. What is the tens digit of y?
9
Let i(d) = -10*d - 24. Let k(w) = w**3 + 10*w**2 + 3*w + 15. Let j be k(-10). What is the units digit of i(j)?
6
Suppose 10*f = 11*f - 140. Suppose 2*d - f = 4*c, 2*d - 6*c = -4*c + 134. What is the tens digit of d?
6
Suppose 3*v - 90 = -2*v. Suppose -3*h + 5*c + v = 2*c, -3*h + 39 = 4*c. Let y(g) = 3*g - 21. What is the units digit of y(h)?
6
Let t(g) = 4 + 4*g - 3 - 2*g. Let a = -67 - -72. What is the tens digit of t(a)?
1
Let o = 937 + -532. Suppose 0 = -5*z + o + 530. What is the tens digit of z?
8
Let m = 1750 - 1192. What is the tens digit of m?
5
Let h(c) = 1084*c + 120. What is the units digit of h(2)?
8
Let q = -13 + 18. Let j(i) = -i**2 + 7*i - 6. Let c be j(q). Suppose c*u = -a + 13, 0*a = -5*u - 3*a + 18. What is the units digit of u?
3
Suppose 0 = 2*s - 4*f - 1494, -3*s = -5*f + 4*f - 2261. What is the tens digit of s?
5
Suppose 2*w - 5 = -3*w + 5*s, -w = -2*s - 4. Let v = 10 - w. What is the units digit of v?
2
Let y be 6/(-10) + -1 + 32/20. Let k(d) = d**2 + d + 48. What is the units digit of k(y)?
8
Suppose 2*f = 5*m - 7 - 7, 32 = 4*f + 5*m. Suppose -52 = f*q + 5*b, q + 0*b + 4 = b. What is the tens digit of 3/(q/159)*-1?
5
Let a(u) = -u**2 - 5*u - 4. Let d be a(-3). Suppose d = -s + 5. Suppose 0 = s*l - 8*l + 230. What is the units digit of l?
6
Suppose -74 - 56 = -5*f. Suppose 9*p = -t + 4*p + f, 2*t = -4*p + 76. What is the tens digit of t?
4
Let v be (-16 - 0/(-1))*(-20)/(-20). Let y be 2/9 + 2915/45. Let x = v + y. What is the units digit of x?
9
Suppose -2*o = -5*o + 120. Let m be ((-3)/(-2))/(15/170). Let f = o - m. What is the units digit of f?
3
Suppose 2*x - 5*r + 1 = 0, 2*x + 2*r - 9 = 5*r. Let a(n) = -3 + n**3 - 1 - 6*n - 2 + x*n**2. What is the tens digit of a(-12)?
6
Let v be 4 - (-6)/(0 - -1). Suppose -5*r - 55 = -5*s - v, 3*r + 23 = 2*s. What is the units digit of s?
4
Suppose -5*q = -7 - 13. Suppose -6*s + 8 = -q*s. Suppose 3*a + s - 22 = 0. What is the units digit of a?
6
Suppose -6*v + 3*v = 36. Let a = v - -18. What is the units digit of a?
6
Suppose 5*u - 10*u + 4*s = -984, 0 = 4*u + 4*s - 780. What is the tens digit of u?
9
Let o(k) = 8*k**3 + k**2 + k - 1. Let a be o(-1). Let x = 15 + a. What is the units digit of (-4)/(-3) - (-28)/x?
6
Let b be 36/(-7)*(-2 - 5). Let w = b + -8. Let d = w + -13. What is the units digit of d?
5
Let u be 2291/116 - (-1 + (-3)/(-4)). Suppose 13*m - u*m + 609 = 0. What is the tens digit of m?
8
Let h(a) = 1. Let w(i) = 7*i**2 - 4*i. Suppose 0 = -6*c + 4*c - 8. Let k(j) = c*h(j) + w(j). What is the units digit of k(-2)?
2
Let m = -677 - -678. Let u be ((-42)/10)/((-1)/5). Suppose 2*o - u - m = 0. What is the units digit of o?
1
Let l(n) = -n**3 + n**2 + n + 6. Let u(w) = -w - 1. Let h(k) = l(k) + 3*u(k). Let q be h(0). What is the tens digit of (8/q)/(6/36)?
1
Let f = -2102 - -4416. What is the units digit of f?
4
Suppose 4*c = -2*w + 2260, -3*w - 2*w + 10 = 0. Let p = c - 349. What is the tens digit of p?
1
Let v be (-4)/14 + -69*3/(-63). Suppose 5*z - v*s - 423 - 377 = 0, -s = 0. What is the units digit of z?
0
Suppose -6*m = -m + 4*q + 6, -4*m - 3 = 5*q. What is the tens digit of 23 - (m + (-4)/(-1))?
2
Suppose t + 3*t = 20. Suppose -z = 5*f + 20 + t, f + 5 = -5*z. What is the units digit of (-90)/12*6/f?
9
Let r be 6/(9*2/300). Suppose -5*o = -4*m - 0*o + r, 0 = 5*m - 3*o - 125. What is the tens digit of m?
2
Let n(m) = 332*m**3 - 3*m - 4. What is the tens digit of n(2)?
4
Let n be 58/8 + 1/(-4). Let v be (187/(-51))/(2/(-12)). Let y = v - n. What is the units digit of y?
5
Let y(i) = 3*i**3 + 4*i - 7. Let d(f) = 3*f + 21. Let m be d(-6). What is the units digit of y(m)?
6
Let u(j) be the third derivative of j**4/24 + 17*j**3/6 - 8*j**2. What is the units digit of u(-13)?
4
Let b = -16 + 37. Let i = -19 + b. Suppose 29 = 2*n - i*p - 27, -3*p = -6. What is the units digit of n?
0
Let i be 9/(-5)*120/(-18). Suppose 2*p = 4*p - i. What is the tens digit of 111/p*2/1?
3
Let i = 0 - -2. Let v(c) = 5*c**2 + 2. What is the units digit of v(i)?
2
Let v(w) = 9*w**2 - 6*w - 28. What is the units digit of v(-8)?
6
Suppose g - 5*k - 759 = 0, g - 427 = 3*k + 340. What is the tens digit of g?
7
Let n(v) = -4*v + 0*v + 3 - 3*v**2 + 2*v - 15*v**3 - 5. What is the units digit of n(-2)?
0
What is the hundreds digit of 13/(-26)*(1 + -1) - -317?
3
Let h = 312 - 440. Let i = h + 387. What is the units digit of i?
9
Let m = 7 - 5. What is the tens digit of (-273)/(-6) + 2/8*m?
4
What is the hundreds digit of 31*(3 + (-6 - -12))?
2
Let r = -227 - -516. Suppose 2*s - r = 23. What is the tens digit of s?
5
Let y(k) = k**2 - k + 4. Let x be y(0). Suppose -x*w - 3*s = -209, 0*w + w - 49 = -4*s. What is the units digit of w?
3
Let t(m) = 0*m + 2*m**2 + m**2 + 3 - 2*m - m**3 + 0*m. Let x be t(2). Suppose -3*l + 102 = 3*v, x*l - 69 = 4*v - 6*v. What is the units digit of v?
3
What is the tens digit of ((-1285)/6*-3)/((-8)/(-16))?
8
Let w(o) = -30*o**3 + 3*o**2 - 7. What is the hundreds digit of w(-3)?
8
Suppose -m = -5*c + 2825, -5*c + 2*m = -3*m - 2805. Suppose c = 5*k + 3*w + w, -3*k - 3*w = -342. Suppose 2*z = -3*z + k. What is the tens digit of z?
2
Let g(o) = -o**2 - 9*o + 2. Let q be g(-8). Let d(h) = -h**3 + 11*h**2 - 9*h + 3. Let l be d(q). Suppose -69 = -l*u + 10*u. What is the tens digit of u?
2
Suppose q + 12 = b, 0 = 2*q + 3*b - 0*b + 34. What is the units digit of ((-7)/q)/(2/20)?
5
Suppose h + 8*w - 12*w - 930 = 0, 4*h - 3*w - 3655 = 0. What is the tens digit of h?
1
Let x(k) = -k**3 - 10*k**2 + 10*k + 6. Let t be x(-10). Let n = -61 - t. What is the units digit of n?
3
Suppose -63 = -4*s + 25. Let q = 1049 + -1603. What is the tens digit of 12/(-66) - q/s?
2
Let j = -3 + 5. Let w(m) = -6 + 0*m**j + 2 + m**2. What is the tens digit of w(-4)?
1
Let z = 212 - -84. What is the hundreds digit of z?
2
Let y = -1817 - -2541. What is the tens digit of y?
2
Let x be (-28)/6*(2 + -5). Let l = x - 11. Suppose l*m - 62 = 5*h, -4*h - 64 = -3*m - 0*h. What is the units digit of m?
4
Let s = 648 - 601. What is the units digit of s?
7
Suppose 20*r - 24*r = 0. Suppose -4*i + 192 = -r*i. What is the tens digit of i?
4
Suppose 234 = -2*y + 5*y. Suppose -6 = 2*k, 2*n - 2*k = 10 + y. Let i = 102 - n. What is the units digit of i?
1
Let y = 1731 + -721. What is the units digit of y?
0
What is the units digit of 4867 + (-6)/(-2) - 9?
1
Sup